2 + 16*h + 7. Calculate the remainder when 143 is divided by q(3).
7
Suppose 228*o = 224*o + 132. Calculate the remainder when o is divided by (-5)/(-15) - (-53)/3.
15
Suppose 5*d = v - 904, -16*v - 2784 = -19*v - 3*d. Suppose 4*b = -2*k + 592, k - v = -2*k + 3*b. What is the remainder when k is divided by 34?
32
Let o(c) = 3*c**2 - 42 + 3*c**2 - 2*c**2 - 2*c**2 + 18*c. Calculate the remainder when 114 is divided by o(2).
0
Let y be 1302/49 + 33/(-21) + 1. Suppose -y = -7*z + 37. Suppose b = -4*f + 164, 0 = 3*f - 5*b + 4*b - 130. What is the remainder when f is divided by z?
6
Suppose 7 = -j - 7. What is the remainder when 49 is divided by 6/j - (-2350)/175?
10
Suppose 181 + 151 = 20*u + 72. What is the remainder when 116 is divided by u?
12
Let g = -2339 - -2380. Let x(r) = 242*r - 2. Let w be x(2). Suppose 5*f - 2*z - 2*z - 604 = 0, -2*z = -4*f + w. Calculate the remainder when f is divided by g.
38
Let y(q) = q**3 - 52*q**2 + 8*q - 176. Let l be y(52). Suppose 9*o = -3*o + l. What is the remainder when 112 is divided by o?
12
Let t = 12085 - 11927. Calculate the remainder when 1093 is divided by t.
145
Suppose 32*l + 70 = 39*l. Calculate the remainder when 110 is divided by (-7)/(21/6) + l.
6
Suppose -3*k + 2*r = -28, 2*r = k - 3*r - 31. Suppose -k*c + 5*c + 19 = -3*f, 3*f = 5*c - 155. Let p = c + -28. What is the remainder when 22 is divided by p?
4
Suppose 12 - 1 = -4*r + 3*j, -3*r = 3*j + 24. What is the remainder when ((-6)/4)/((-12)/688) is divided by -58*(r + (-36)/(-8))?
28
Let y(f) = 42*f**2 - f. What is the remainder when y(-1) is divided by 3?
1
Suppose 16*p + 32*p - 384 = 0. What is the remainder when 491 is divided by p?
3
Suppose -4*y = -3*v + 16 + 30, 5*v + 4*y - 98 = 0. Suppose v = 32*g - 34*g. Let p = g - -13. Calculate the remainder when 15 is divided by p.
3
Suppose -64484 = -146*f + 97*f. What is the remainder when f is divided by 44?
40
Let x = 400 - 283. Suppose -4*t + 2*c = -136 + 22, -c = 4*t - x. Let r = 400 + -229. Calculate the remainder when r is divided by t.
26
Let w(c) = 134*c**3 + c - 1. Calculate the remainder when w(1) is divided by ((-12)/3)/(-1)*2.
6
Let c(l) = 13*l**2 - 20*l - 37*l**2 + 10*l**2 - 15 + 13*l**2. Let s = 5 - 23. Calculate the remainder when 102 is divided by c(s).
18
Let o = 3477 + -2621. Calculate the remainder when o is divided by 106.
8
Let d be (82*2)/(6/3). Suppose 0 = -12*c + d + 74. What is the remainder when 85 is divided by c?
7
Suppose 0 = 5*m + 5*z - 225, 0 = 5*m - 2*z - 2*z - 252. Let t(i) = 18*i - 6. What is the remainder when t(5) is divided by m?
36
Suppose -24*c - 29738 = -149378. What is the remainder when c is divided by 116?
113
Let h = -268 + 342. Suppose -11*r - u = -6*r - 72, -2*u = 5*r - h. Let c(m) = -m**3 - 3*m**2 + 2*m + 1. What is the remainder when c(-5) is divided by r?
13
Suppose -13*n + 605017 = 120*n. Calculate the remainder when n is divided by 29.
25
Suppose 429 = 2*f - f. Let i = -3319 - -3329. Calculate the remainder when f is divided by i.
9
Calculate the remainder when 191 is divided by 962/(-148)*(4/52 - 1).
5
Let s(d) = -2*d**2 - 47*d - 29. Let m be s(-14). Let a = -181 + m. What is the remainder when a is divided by 17?
5
Let l be 45*(7 + (-112)/21). Suppose 0 = 3*u + 2*b - l, -2*b + 101 = 4*u + b. What is the remainder when 319 is divided by u?
20
Let x(w) = -4*w**2 - 54*w + 20. What is the remainder when 6717 is divided by x(-10)?
157
Let p(v) = 128 - 11*v**2 - 11*v**2 - 13*v**2 - 30*v + 36*v**2. Calculate the remainder when 7 is divided by p(25).
1
Let p(x) be the second derivative of 5*x**3/6 - 81*x**2 - 76*x. Calculate the remainder when p(43) is divided by 19.
15
Let x = -243 - -295. Suppose -27*h + 31*h = x. What is the remainder when 60 is divided by h?
8
Let r(c) = -4*c + 48. Let u be r(8). Suppose -8*k + 0 = -u. Calculate the remainder when 28 is divided by k/7 - (-825)/77.
6
Suppose -12 = -5*s + s, 0 = 4*c + 5*s - 103. Let v = c + 4. What is the remainder when 95 is divided by v?
17
Suppose -2*x - x + 5*d + 241 = 0, 77 = x - d. Suppose 0 = -41*h + 42*h + 28. Let k = x + h. Calculate the remainder when k is divided by 15.
14
Suppose 115 - 75 = 2*q + 2*t, 4*q - 3*t = 59. Calculate the remainder when q is divided by 6.
5
Let z(b) = b**2 + 3*b + 170. Let i be (0/((-4)/(-2)))/(-4 + 9). What is the remainder when z(i) is divided by 57?
56
Let a be ((-8)/(-100))/((-3)/(-105)) - (-8)/(-10). Let o be 2030/(-6) - 2/3. Calculate the remainder when 113 is divided by o/(-15) + a/5.
21
What is the remainder when 3 + (-140)/18 + 14/(-63) + 273 is divided by 20?
8
Suppose r = -5*q - 2107, -17*q + 13*q - 4*r - 1692 = 0. Let v = q - -546. Calculate the remainder when v is divided by 18.
17
Suppose -k + 1675 = -3*f, -4*k + 1386 + 5328 = 2*f. Suppose 0 = -6*m - 58 + k. What is the remainder when m is divided by 92?
86
Let z = -306 + 604. What is the remainder when z is divided by -1 - -17 - 4189/852*-12?
73
Suppose -18*y + 22*y - v = 164, 3*y = 2*v + 128. Calculate the remainder when 3728 is divided by y.
8
Suppose -55*r = -1029 - 841. Suppose -r*h = -36*h + 26. What is the remainder when h is divided by 2/5 - (-38)/5?
5
Suppose 0 = -171*q + 7906 - 1579. Let x(u) = 18*u**2 - u. What is the remainder when x(2) is divided by q?
33
Suppose -40*m - 91*m - 669798 = -2851996. Calculate the remainder when m is divided by 9.
8
Let r be (0/(24/(-6)))/1. Suppose r = 3*o - 15, -o - 2*o - 141 = -4*w. Suppose -1 = -5*k + 764. What is the remainder when k is divided by w?
36
Suppose 0 = -244*q + 261*q - 3757. Let o(n) = -n**3 - 9*n**2 + 6*n - 12. Calculate the remainder when q is divided by o(-10).
25
Calculate the remainder when 15 + (-14 - (22 + -2380)) is divided by 74.
65
Let g(y) = -3*y - 22. Let u be g(-8). Let v = 16 + u. Suppose -3*c = -i + 2*i - 6, -3*c + v = 5*i. What is the remainder when c is divided by 1?
0
Let p be 45/15 - (-7 - (-1 + 1)). Suppose 9*o - p = 1925. Calculate the remainder when o is divided by 31.
29
Let q(n) = 189*n**2 - n - 8. What is the remainder when 2251 is divided by q(-2)?
1
Let f(j) = j**3 + 9*j**2 + 2*j - 2. Let g be f(-9). Let h = g - -116. Suppose 0 = a + 4, -5*a - 116 = -4*w - 40. What is the remainder when h is divided by w?
12
Let f(n) = n**2 - 82*n + 1976. What is the remainder when f(54) is divided by 132?
68
Let d = 221 + -214. Suppose 3*u = -4*r + d*u + 568, r - 122 = 5*u. What is the remainder when r is divided by 15?
12
Let n = 50 - 25. Let f = -1573 - -1579. Calculate the remainder when n is divided by f.
1
Suppose 2*u - 1828 = -k, -6*u - 5*k = -u - 4580. What is the remainder when u is divided by 12?
0
Let b(f) = 28*f**2 - 6*f + 5. Let l be b(-3). Suppose -4*x + 5*q - 14 + 559 = 0, 2*x - 5*q - l = 0. Calculate the remainder when x is divided by 28.
23
Let i = -74 + -37. Let w = 237 + i. Calculate the remainder when w is divided by 129/(-1032)*640/(-5).
14
Suppose -43*g + 1336 + 3036 = 975. What is the remainder when g is divided by (-15)/105 + (-85)/(-7)?
7
Let r(f) = 25*f + 14. Let k(q) = -73*q - 44. Let j(x) = -6*k(x) - 17*r(x). What is the remainder when j(4) is divided by 20?
18
Suppose -636 = -5*r - 36. Suppose 24*g - 22*g - r = 0. Let s = g + -21. Calculate the remainder when 75 is divided by s.
36
Let h = -23176 + 23252. What is the remainder when h is divided by 3 - (-3 + -31 + -2)?
37
Suppose 0 = 3*g - 70 + 340. Suppose h + 67 = 3*f, 2*h = -5*f + 95 + 2. Calculate the remainder when f is divided by -4 - (-13)/((-117)/g).
3
Suppose 0 = -143*k + 139*k - 8868. Calculate the remainder when k/(-12) + ((-135)/20 - -7) is divided by 63.
59
What is the remainder when (-1)/((-2)/(-4310))*(-19)/19 is divided by 83?
80
Suppose 0 = 3*y - 5*a - 1540, 29*a = 2*y + 27*a - 1032. Calculate the remainder when 1573 is divided by y.
13
Let s = 40 + -25. Suppose 0 = -5*k + 2*a - 43, 2*a = -3*k + 5*a - 33. Let h(d) = 3*d**3 + 21*d**2 - 3*d + 7. Calculate the remainder when h(k) is divided by s.
13
Suppose -5*n + 94 = 4*d, 4*d + 3*n = -0*d + 90. Let o = -16058 - -16286. What is the remainder when o is divided by d?
18
Let w(a) = 3*a**3 + 2*a**2 + 2. Let x be w(-3). Let f = 64 + x. Suppose -j + m - 168 = -f*j, -4*j = -2*m - 328. Calculate the remainder when j is divided by 17.
15
Suppose 2*j - 24 = 2*k + 36, 0 = 3*j + 3*k - 126. Calc